4 is divided by -23*12/3*(-1)/4.
1
Let n be -3*(-4)/8*2. Let a be (-18)/(-1) + 3/n. Let y = a + 1. Calculate the remainder when 77 is divided by y.
17
Let z = -65 + 108. Let s be -3*(-3)/(9/2). Suppose -3*r - s*b = -61, -4*b - 18 = -5*r + 113. What is the remainder when z is divided by r?
20
Let k = 132 - 91. Calculate the remainder when -9 + (3 - -4) + 122 + 0 is divided by k.
38
Let l = -483 - -488. Let k(d) = -d**2 - 8*d - 9. Let q be k(-6). Let o = 2 + q. Calculate the remainder when o is divided by l.
0
Let g(k) be the first derivative of -k**3/3 - 11*k**2/2 - 19*k + 236. Let d be 1/(-3) - 23/3. What is the remainder when 8 is divided by g(d)?
3
Let h(y) = -24*y - 73. Calculate the remainder when h(-8) is divided by 16.
7
Let r(t) = 259*t - 4. Let a(h) = 52*h - 1. Let g(o) = -11*a(o) + 2*r(o). What is the remainder when g(-2) is divided by 23?
19
Suppose 4*z + 2*n + 122 = 8*z, -n - 1 = 0. Calculate the remainder when 114 is divided by z.
24
Suppose 17*l - 69 = 33. Let r(a) = -a + 5. Calculate the remainder when r(-4) is divided by l.
3
Let h be 142 + (5 - 1) + 4. What is the remainder when 73 is divided by h/8 + 4/16?
16
Suppose 2*k + 218 = 50. Let m = -30 - k. Suppose 22*b + 580 = 998. Calculate the remainder when m is divided by b.
16
Suppose -5*i + 293 = -62. Let q = i - 44. Calculate the remainder when 76 is divided by q.
22
Suppose 131 = 5*n + 2*d - 121, 2*d = -4*n + 202. What is the remainder when -2 - 97*-1 - -2 is divided by n?
47
Let g = 7139 + -7122. Suppose -7*r + 2*r + 180 = 0. What is the remainder when g is divided by (-8)/r - (-112)/18?
5
Let f be 18/(-9) - (-4 + 0). Calculate the remainder when 19 is divided by f - -5 - (-2 + 4).
4
Suppose -o - 1 = 0, 3*v - 4*o = 39 + 136. Calculate the remainder when v is divided by 5.
2
Let l be -252 + 3 + -5 - -2. Calculate the remainder when ((-1)/(-2))/((-7)/l) is divided by 11.
7
Let h(d) = 6*d**2 - d + 1. Calculate the remainder when (-795)/45*(6/(-3) - 1) is divided by h(-2).
26
Let u = -58 - -91. Suppose 2*n - 248 + 52 = 0. What is the remainder when n is divided by u?
32
Let k(z) = -z**3 + z**2 + z + 11. Let o be k(0). Suppose o = 4*a + 3. Calculate the remainder when 7 is divided by a*(6 - 1 - 3).
3
Let p(n) = n**3 - 16*n**2 + 16*n + 1. Calculate the remainder when (14/(-3) - -5)/(6/828) is divided by p(15).
14
Let y be -3 - ((-2 - -4) + 8). Let a = y + 49. Calculate the remainder when a is divided by 13.
10
Let s(t) = -t**2 - 9*t - 14. Let r be s(-13). Let w = -35 - r. Let k = -13 + 24. What is the remainder when w is divided by k?
9
Let a be 2 - (-4 + (-1 - 3)). Suppose 3*z + a = 8*z. What is the remainder when 25 is divided by (-21)/(-1 - 4/z)?
4
Suppose 28 = -11*c + 15*c. Suppose -102 = -c*f + 24. Let o(u) = 8*u - 12. What is the remainder when o(8) is divided by f?
16
Let j be 85/25 + 6/10. Let c be 7 + -11 - (j - -2). Calculate the remainder when 267/9 + c/15 is divided by 16.
13
Suppose 2*z - 174 = -4*p, -16*z + 12*z + 360 = -4*p. Calculate the remainder when z is divided by 23.
20
Let n = 31 - 33. What is the remainder when (-9)/n*(-56)/(-12) is divided by 12?
9
Let i(u) be the first derivative of u**3/3 - 2*u**2 - u + 2. Let q = -20 + 36. Calculate the remainder when i(8) is divided by q.
15
Suppose -121*d - 427 = -128*d. Calculate the remainder when d is divided by 21.
19
Let f = -105 - -160. Suppose -4*z - 135 = -n, 4*n + 5*z + 504 = 897. What is the remainder when n is divided by f?
52
Let l(j) = -3 - 2 - 1 + 426*j - 342*j. What is the remainder when l(2) is divided by 33?
30
Suppose -681*p + 691*p = 610. What is the remainder when 361 is divided by p?
56
Let o = -18 + -3. Let i = o - -26. What is the remainder when 14 is divided by i?
4
Suppose -10*n - 16*n + 442 = 0. What is the remainder when 132 is divided by n?
13
Let v = 1 + 2. Let l = 0 + v. Suppose -a + 1 = n - 1, 14 = n - l*a. What is the remainder when 18 is divided by n?
3
Let l(i) = i**2 - 25*i + 42. Let m be l(25). Let k = m - 23. What is the remainder when 89 is divided by k?
13
Let c = -59 + 69. Suppose -4*k + 2*j + 120 = 0, 4*j - 15 - 53 = -3*k. What is the remainder when k is divided by c?
8
Suppose 4*d - 5*m = -0*m - 196, 0 = -5*d - 4*m - 204. Let a = d + 20. Let k = -17 - a. What is the remainder when 20 is divided by k?
6
Suppose -46 - 95 = -3*d. Let r = -32 + d. Calculate the remainder when (-44)/2*(-1 - (-1 - -2)) is divided by r.
14
Let s = 434 + -425. Calculate the remainder when 69 is divided by s.
6
Suppose -5*i = -i - 24. Suppose -4*w - 2*t + 252 = -i*t, 2*t + 315 = 5*w. Suppose 4*f + q = 2*q + w, -12 = 4*q. What is the remainder when 44 is divided by f?
14
Let d = 405 - 213. Calculate the remainder when d is divided by 15.
12
Suppose 37 - 16 = 7*t. What is the remainder when 4 is divided by t?
1
Suppose -558 = -4*m - 5*m. Calculate the remainder when 105 is divided by m.
43
Suppose 104 = -18*o + 22*o. Suppose o*x = 30*x - 152. What is the remainder when 73 is divided by x?
35
Suppose 0 = 3*i + 3*c - 108 - 516, 4*c + 183 = i. Calculate the remainder when i is divided by 41.
39
Let v(t) = -2*t + 30. Let u = 34 - 34. What is the remainder when v(u) is divided by 11?
8
Let q = 6 - 4. Suppose 0 = -q*v + v + 8. Suppose -5 = -y + 4*l, 0 = -y + 2*y - l - 17. Calculate the remainder when y is divided by v.
5
Suppose -15 = 5*l, 21*l - 24*l = 5*m - 96. Calculate the remainder when 59 is divided by m.
17
Suppose -3*a + 324 = -5*h - 93, h + 673 = 5*a. Calculate the remainder when a is divided by 21.
8
Let l = -1 - -12. Suppose 79 - 11 = 3*o + 5*a, 0 = -2*o - 2*a + 52. Calculate the remainder when o is divided by l.
9
Suppose -4*o + 32 = -36. Suppose -4*j - 89 + 245 = 0. What is the remainder when o is divided by j/3 + -1*3?
7
Let w(b) = b**3 + 7*b**2 + b + 2. Let o be w(-6). Let n = -165 + o. Let x = n + 211. What is the remainder when x is divided by 27?
24
Let d(x) = -8*x - 3*x + 0*x - 3*x. Let f be d(1). Calculate the remainder when 25 is divided by f/(-35) + 99/15.
4
Suppose -4*p + 3*x - x + 18 = 0, -2*p - 5*x + 3 = 0. Suppose -167 = -3*i + p*h, 25 = -7*h + 2*h. Calculate the remainder when i is divided by 13*(6 + -3 + -2).
10
Suppose 2*z - 4*z + 22 = -3*d, 0 = 5*z - 2*d - 33. Suppose 1 = -y + z. What is the remainder when 1/(((-3)/(-11))/3) is divided by y?
3
Suppose 2*x + 0*x = 118. Suppose 36*z + 6 = 35*z - 4*b, -6 = -3*z - 4*b. Calculate the remainder when x is divided by z.
5
Let v = -98 - -138. Let u = -8 + 5. Let l = u + 24. What is the remainder when v is divided by l?
19
Let o(m) = m - 13. Let v be o(-9). Calculate the remainder when 36 is divided by (-12)/66 + (-290)/v.
10
Suppose -138*t - 324 = -147*t. What is the remainder when t is divided by 22?
14
Suppose 4*g = 18*g - 700. Calculate the remainder when g is divided by 43.
7
Suppose 4*p - 225 + 13 = 0. Suppose 43 + p = 16*n. What is the remainder when n is divided by 3?
0
Let h = 9 - 11. Let x be (h/(-4))/(3/144). Suppose 2*z + 4*z - x = 0. Calculate the remainder when 7 is divided by z.
3
Let s be -3 + (-1 - -4) + 0. Suppose -4*f + 3*n = -203, s*f + f + 5*n - 45 = 0. What is the remainder when f is divided by 13?
11
Suppose -472 = -20*s + 12*s. Calculate the remainder when 213 is divided by s.
36
Let v be 13/((-78)/200)*3. What is the remainder when (-1)/4*-1 + (-1075)/v is divided by 4?
3
Suppose 2*n - 120 = -4*u, 9*n - 63 = 8*n - 3*u. What is the remainder when 101 is divided by n?
47
Let r(z) = z**3 - 18*z**2 + 21*z - 297. What is the remainder when 194 is divided by r(18)?
32
Let o(f) = f**3 - 21*f**2 - 40*f - 47. Calculate the remainder when 93 is divided by o(23).
2
Let t = 4 + 6. Let z be (6/15)/(4/t). Calculate the remainder when ((-39)/(-6))/(z/4) is divided by 14.
12
Let n(t) be the second derivative of 11*t**5/10 - 5*t**3/6 + 3*t**2 - 2*t - 3. Calculate the remainder when n(2) is divided by 35.
32
Let w = -633 - -673. Calculate the remainder when w is divided by 11.
7
Let c(i) = 20*i - 21. Let r(x) = -5*x + 5. Let d(k) = -6*c(k) - 26*r(k). Suppose 6*z + 6 - 24 = 0. Calculate the remainder when 77 is divided by d(z).
25
Let c = -93 + 106. Suppose -83 = -c*v + 8. Suppose -82 = -3*x - 2*n + n, 4*x = -n + 108. What is the remainder when x is divided by v?
5
Let i = 47 - 44. Suppose -12*x + i*x = -828. Calculate the remaind